{"id":633,"date":"2023-09-05T16:42:11","date_gmt":"2023-09-05T16:42:11","guid":{"rendered":"https:\/\/lacombelsc.wpenginepowered.com\/nos-produits\/fresh-water-tank\/"},"modified":"2023-11-02T22:31:52","modified_gmt":"2023-11-02T22:31:52","slug":"fresh-water-tank","status":"publish","type":"page","link":"https:\/\/lacombelsc.com\/fr\/nos-produits\/fresh-water-tank\/","title":{"rendered":"Fresh Water tank"},"content":{"rendered":"<p>[et_pb_section fb_built=\u00a0\u00bb1&Prime; _builder_version=\u00a0\u00bb4.22.1&Prime; _module_preset=\u00a0\u00bbdefault\u00a0\u00bb global_colors_info=\u00a0\u00bb{}\u00a0\u00bb][et_pb_row _builder_version=\u00a0\u00bb4.22.1&Prime; _module_preset=\u00a0\u00bbdefault\u00a0\u00bb global_colors_info=\u00a0\u00bb{}\u00a0\u00bb][et_pb_column type=\u00a0\u00bb4_4&Prime; _builder_version=\u00a0\u00bb4.22.1&Prime; _module_preset=\u00a0\u00bbdefault\u00a0\u00bb global_colors_info=\u00a0\u00bb{}\u00a0\u00bb][et_pb_heading title=\u00a0\u00bbR\u00e9servoir d\u2019eau douce\u00a0\u00bb _builder_version=\u00a0\u00bb4.22.2&Prime; _module_preset=\u00a0\u00bbdefault\u00a0\u00bb title_text_align=\u00a0\u00bbcenter\u00a0\u00bb title_text_color=\u00a0\u00bb#3774c3&Prime; title_font_size=\u00a0\u00bb40px\u00a0\u00bb global_colors_info=\u00a0\u00bb{}\u00a0\u00bb][\/et_pb_heading][\/et_pb_column][\/et_pb_row][et_pb_row column_structure=\u00a0\u00bb1_2,1_2&Prime; _builder_version=\u00a0\u00bb4.22.1&Prime; _module_preset=\u00a0\u00bbdefault\u00a0\u00bb global_colors_info=\u00a0\u00bb{}\u00a0\u00bb][et_pb_column type=\u00a0\u00bb1_2&Prime; _builder_version=\u00a0\u00bb4.22.1&Prime; _module_preset=\u00a0\u00bbdefault\u00a0\u00bb global_colors_info=\u00a0\u00bb{}\u00a0\u00bb][et_pb_text _builder_version=\u00a0\u00bb4.22.1&Prime; _module_preset=\u00a0\u00bbdefault\u00a0\u00bb global_colors_info=\u00a0\u00bb{}\u00a0\u00bb]<\/p>\n<p>Pour l\u2019approvisionnement en eau douce NON POTABLE. Ces r\u00e9servoirs sont une solution pratique pour tout contexte n\u00e9cessitant de l\u2019eau pour se laver les mains, pour laver la vaisselle ou pour toutes autres fins utilitaires.<\/p>\n<p>[\/et_pb_text][\/et_pb_column][et_pb_column type=\u00a0\u00bb1_2&Prime; _builder_version=\u00a0\u00bb4.22.1&Prime; _module_preset=\u00a0\u00bbdefault\u00a0\u00bb global_colors_info=\u00a0\u00bb{}\u00a0\u00bb][et_pb_image src=\u00a0\u00bbhttps:\/\/lacombelsc.com\/wp-content\/uploads\/2023\/09\/freshwater.jpg\u00a0\u00bb title_text=\u00a0\u00bbfresh+water\u00a0\u00bb align=\u00a0\u00bbcenter\u00a0\u00bb _builder_version=\u00a0\u00bb4.22.1&Prime; _module_preset=\u00a0\u00bbdefault\u00a0\u00bb max_height=\u00a0\u00bb450px\u00a0\u00bb border_radii=\u00a0\u00bbon|5px|5px|5px|5px\u00a0\u00bb global_colors_info=\u00a0\u00bb{}\u00a0\u00bb][\/et_pb_image][\/et_pb_column][\/et_pb_row][et_pb_row column_structure=\u00a0\u00bb1_2,1_2&Prime; _builder_version=\u00a0\u00bb4.22.1&Prime; _module_preset=\u00a0\u00bbdefault\u00a0\u00bb global_colors_info=\u00a0\u00bb{}\u00a0\u00bb][et_pb_column type=\u00a0\u00bb1_2&Prime; _builder_version=\u00a0\u00bb4.22.1&Prime; _module_preset=\u00a0\u00bbdefault\u00a0\u00bb global_colors_info=\u00a0\u00bb{}\u00a0\u00bb][et_pb_text _builder_version=\u00a0\u00bb4.22.1&Prime; _module_preset=\u00a0\u00bbdefault\u00a0\u00bb global_colors_info=\u00a0\u00bb{}\u00a0\u00bb]<\/p>\n<p>DIMENSIONS<\/p>\n<ul>\n<li>Taille du r\u00e9servoir\u00a0: 46,5\u00a0po x 46,5\u00a0po x 45,5\u00a0po<\/li>\n<li>Capacit\u00e9\u00a0: 250\u00a0gal<\/li>\n<li>Poids\u00a0: 130\u00a0lb (\u00e0 vide)<\/li>\n<\/ul>\n<p>REMARQUES<\/p>\n<ul>\n<li>Construction robuste \u00e0 parois \u00e9paisses<\/li>\n<li>Installation rapide<\/li>\n<\/ul>\n<ul><\/ul>\n<p>[\/et_pb_text][\/et_pb_column][et_pb_column type=\u00a0\u00bb1_2&Prime; _builder_version=\u00a0\u00bb4.22.1&Prime; _module_preset=\u00a0\u00bbdefault\u00a0\u00bb global_colors_info=\u00a0\u00bb{}\u00a0\u00bb][et_pb_text _builder_version=\u00a0\u00bb4.22.1&Prime; _module_preset=\u00a0\u00bbdefault\u00a0\u00bb global_colors_info=\u00a0\u00bb{}\u00a0\u00bb]<\/p>\n<p>SERVICES INCLUS<\/p>\n<ul>\n<li>R\u00e9approvisionnement de 250\u00a0gal d\u2019eau douce<\/li>\n<\/ul>\n<ul><\/ul>\n<p>[\/et_pb_text][\/et_pb_column][\/et_pb_row][\/et_pb_section]<\/p>\n","protected":false},"excerpt":{"rendered":"<p>Pour l\u2019approvisionnement en eau douce NON POTABLE. Ces r\u00e9servoirs sont une solution pratique pour tout contexte n\u00e9cessitant de l\u2019eau pour se laver les mains, pour laver la vaisselle ou pour toutes autres fins utilitaires.DIMENSIONS Taille du r\u00e9servoir\u00a0: 46,5\u00a0po x 46,5\u00a0po x 45,5\u00a0po Capacit\u00e9\u00a0: 250\u00a0gal Poids\u00a0: 130\u00a0lb (\u00e0 vide) REMARQUES Construction robuste \u00e0 parois \u00e9paisses Installation [&hellip;]<\/p>\n","protected":false},"author":4,"featured_media":0,"parent":594,"menu_order":0,"comment_status":"closed","ping_status":"closed","template":"","meta":{"_et_pb_use_builder":"on","_et_pb_old_content":"","_et_gb_content_width":"","content-type":"","footnotes":""},"class_list":["post-633","page","type-page","status-publish","hentry"],"featured_image_src":null,"featured_image_src_square":null,"_links":{"self":[{"href":"https:\/\/lacombelsc.com\/fr\/wp-json\/wp\/v2\/pages\/633","targetHints":{"allow":["GET"]}}],"collection":[{"href":"https:\/\/lacombelsc.com\/fr\/wp-json\/wp\/v2\/pages"}],"about":[{"href":"https:\/\/lacombelsc.com\/fr\/wp-json\/wp\/v2\/types\/page"}],"author":[{"embeddable":true,"href":"https:\/\/lacombelsc.com\/fr\/wp-json\/wp\/v2\/users\/4"}],"replies":[{"embeddable":true,"href":"https:\/\/lacombelsc.com\/fr\/wp-json\/wp\/v2\/comments?post=633"}],"version-history":[{"count":0,"href":"https:\/\/lacombelsc.com\/fr\/wp-json\/wp\/v2\/pages\/633\/revisions"}],"up":[{"embeddable":true,"href":"https:\/\/lacombelsc.com\/fr\/wp-json\/wp\/v2\/pages\/594"}],"wp:attachment":[{"href":"https:\/\/lacombelsc.com\/fr\/wp-json\/wp\/v2\/media?parent=633"}],"curies":[{"name":"wp","href":"https:\/\/api.w.org\/{rel}","templated":true}]}}

<p>[et_pb_section fb_built= »1&Prime; _builder_version= »4.22.1&Prime; _module_preset= »default » global_colors_info= »{} »][et_pb_row _builder_version= »4.22.1&Prime; _module_preset= »default » global_colors_info= »{} »][et_pb_column type= »4_4&Prime; _builder_version= »4.22.1&Prime; _module_preset= »default » global_colors_info= »{} »][et_pb_heading title= »Réservoir d’eau douce » _builder_version= »4.22.2&Prime; _module_preset= »default » title_text_align= »center » title_text_color= »#3774c3&Prime; title_font_size= »40px » global_colors_info= »{} »][/et_pb_heading][/et_pb_column][/et_pb_row][et_pb_row column_structure= »1_2,1_2&Prime; _builder_version= »4.22.1&Prime; _module_preset= »default » global_colors_info= »{} »][et_pb_column type= »1_2&Prime; _builder_version= »4.22.1&Prime; _module_preset= »default » global_colors_info= »{} »][et_pb_text _builder_version= »4.22.1&Prime; _module_preset= »default » global_colors_info= »{} »]</p>
<p>Pour l’approvisionnement en eau douce NON POTABLE. Ces réservoirs sont une solution pratique pour tout contexte nécessitant de l’eau pour se laver les mains, pour laver la vaisselle ou pour toutes autres fins utilitaires.</p>
<p>[/et_pb_text][/et_pb_column][et_pb_column type= »1_2&Prime; _builder_version= »4.22.1&Prime; _module_preset= »default » global_colors_info= »{} »][et_pb_image src= »https://lacombelsc.com/wp-content/uploads/2023/09/freshwater.jpg » title_text= »fresh+water » align= »center » _builder_version= »4.22.1&Prime; _module_preset= »default » max_height= »450px » border_radii= »on|5px|5px|5px|5px » global_colors_info= »{} »][/et_pb_image][/et_pb_column][/et_pb_row][et_pb_row column_structure= »1_2,1_2&Prime; _builder_version= »4.22.1&Prime; _module_preset= »default » global_colors_info= »{} »][et_pb_column type= »1_2&Prime; _builder_version= »4.22.1&Prime; _module_preset= »default » global_colors_info= »{} »][et_pb_text _builder_version= »4.22.1&Prime; _module_preset= »default » global_colors_info= »{} »]</p>
<p>DIMENSIONS</p>
<ul>
<li>Taille du réservoir : 46,5 po x 46,5 po x 45,5 po</li>
<li>Capacité : 250 gal</li>
<li>Poids : 130 lb (à vide)</li>
</ul>
<p>REMARQUES</p>
<ul>
<li>Construction robuste à parois épaisses</li>
<li>Installation rapide</li>
</ul>
<ul></ul>
<p>[/et_pb_text][/et_pb_column][et_pb_column type= »1_2&Prime; _builder_version= »4.22.1&Prime; _module_preset= »default » global_colors_info= »{} »][et_pb_text _builder_version= »4.22.1&Prime; _module_preset= »default » global_colors_info= »{} »]</p>
<p>SERVICES INCLUS</p>
<ul>
<li>Réapprovisionnement de 250 gal d’eau douce</li>
</ul>
<ul></ul>
<p>[/et_pb_text][/et_pb_column][/et_pb_row][/et_pb_section]</p>

<p>Pour l’approvisionnement en eau douce NON POTABLE. Ces réservoirs sont une solution pratique pour tout contexte nécessitant de l’eau pour se laver les mains, pour laver la vaisselle ou pour toutes autres fins utilitaires.DIMENSIONS Taille du réservoir : 46,5 po x 46,5 po x 45,5 po Capacité : 250 gal Poids : 130 lb (à vide) REMARQUES Construction robuste à parois épaisses Installation [&hellip;]</p>
